{"id":362,"date":"2021-08-17T17:03:43","date_gmt":"2021-08-17T17:03:43","guid":{"rendered":"https:\/\/demo.athemes.com\/botiga\/?page_id=362"},"modified":"2025-10-17T21:19:47","modified_gmt":"2025-10-17T19:19:47","slug":"purplessence-handmade-lavender-products","status":"publish","type":"page","link":"https:\/\/purplessence.net\/?page_id=362&lang=en","title":{"rendered":"PurplEssence &#8211; Handmade Lavender Products"},"content":{"rendered":"\n<div id=\"athemes-blocks-block-7715592f\" class=\"wp-block-athemes-athemes-blocks-block-container athemes-blocks-block athemes-blocks-block-7715592f athemes-blocks-block-container aligncenter alignundefined\"><div class=\"athemes-blocks-block-container-wrapper athemes-blocks-block-container-bg-cover athemes-blocks-block-container-bg-effect-scroll\"><img class=\"athemes-blocks-background-image\" width=\"2000\" height=\"1500\" srcset=\"https:\/\/purplessence.net\/wp-content\/uploads\/2025\/01\/purplessence-lavanda-proizvodi-1-150x150.jpg 150w, https:\/\/purplessence.net\/wp-content\/uploads\/2025\/01\/purplessence-lavanda-proizvodi-1-300x225.jpg 300w, https:\/\/purplessence.net\/wp-content\/uploads\/2025\/01\/purplessence-lavanda-proizvodi-1-1024x768.jpg 1024w, https:\/\/purplessence.net\/wp-content\/uploads\/2025\/01\/purplessence-lavanda-proizvodi-1.jpg 2000w, \" sizes=\"(max-width: 2000px) 100vw, 2000px\" alt=\"lavanda, prirodna kozmetika, wellness kozmetika, proizvodi od lavande, eteri\u010dno ulje, hidrolat lavanda\"\/><div class=\"athemes-blocks-block-container-wrapper-content\">\n<div class=\"wp-block-columns is-layout-flex wp-container-core-columns-is-layout-28f84493 wp-block-columns-is-layout-flex\">\n<div class=\"wp-block-column is-layout-flow wp-block-column-is-layout-flow\" style=\"flex-basis:66.66%\">\n<div class=\"wp-block-buttons is-layout-flex wp-block-buttons-is-layout-flex\">\n<div class=\"wp-block-button\"><a class=\"wp-block-button__link wp-element-button\" href=\"https:\/\/purplessence.net\/\">SHOP NOW<\/a><\/div>\n<\/div>\n<\/div>\n\n\n\n<div class=\"wp-block-column is-layout-flow wp-block-column-is-layout-flow\" style=\"flex-basis:33.33%\"><\/div>\n<\/div>\n<\/div><\/div><\/div>\n\n\n\n<h1 class=\"wp-block-heading has-text-align-center has-color-1-color has-text-color has-link-color wp-elements-2f6a24df2b59a2a45efa5518e0c30b58\" style=\"border-style:none;border-width:0px;border-radius:0px;font-size:43px\"><strong>Essence of Nature PurplEssence<\/strong><\/h1>\n\n\n\n<div style=\"height:100px\" aria-hidden=\"true\" class=\"wp-block-spacer\"><\/div>\n\n\n\n<h3 class=\"wp-block-heading has-text-align-center\"><\/h3>\n\n\n\n<p class=\"has-text-align-center\"><\/p>\n\n\n\n<h3 class=\"wp-block-heading has-text-align-center has-color-0-color has-text-color has-link-color wp-elements-1205593ab41eb65c22fc62ddf44a9e2c\" style=\"border-width:1px\">Why choose us?<\/h3>\n\n\n\n<p class=\"has-text-align-center has-color-0-color has-text-color has-link-color has-larger-font-size wp-elements-5de01c34750fbbd24f57fcd66218bffe\"><strong>All our products are handmade from the finest lavender variety Lavandula Vera Angustifolia, grown in the traditional way in Serbia. Each jar and bottle carries a story of love for nature and quality.<\/strong><\/p>\n\n\n\n<div id=\"athemes-blocks-block-4b7faf4b\" class=\"wp-block-athemes-athemes-blocks-block-container athemes-blocks-block athemes-blocks-block-4b7faf4b athemes-blocks-block-container alignfull athemes-blocks-block-hide-on-tablet\"><div class=\"athemes-blocks-block-container-wrapper athemes-blocks-block-container-bg-cover athemes-blocks-block-container-bg-effect-scroll\"><img decoding=\"async\" class=\"athemes-blocks-background-image\" width=\"2560\" height=\"1280\" src=\"https:\/\/purplessence.net\/wp-content\/uploads\/2025\/01\/vecteezy_vibrant-lavender-field-under-blue-sky_54364921.jpg\" srcset=\"https:\/\/purplessence.net\/wp-content\/uploads\/2025\/01\/vecteezy_vibrant-lavender-field-under-blue-sky_54364921-150x150.jpg 150w, https:\/\/purplessence.net\/wp-content\/uploads\/2025\/01\/vecteezy_vibrant-lavender-field-under-blue-sky_54364921-300x150.jpg 300w, https:\/\/purplessence.net\/wp-content\/uploads\/2025\/01\/vecteezy_vibrant-lavender-field-under-blue-sky_54364921-1024x512.jpg 1024w, https:\/\/purplessence.net\/wp-content\/uploads\/2025\/01\/vecteezy_vibrant-lavender-field-under-blue-sky_54364921-scaled.jpg 2560w, \" sizes=\"auto, (max-width: 2560px) 100vw, 2560px\" alt=\"polja lavande, cvet lavande, benefiti lavande\" loading=\"lazy\"\/><div class=\"athemes-blocks-block-container-wrapper-content\">\n<div class=\"wp-block-buttons is-horizontal is-content-justification-center is-layout-flex wp-container-core-buttons-is-layout-03627597 wp-block-buttons-is-layout-flex\">\n<div class=\"wp-block-button\"><a class=\"wp-block-button__link wp-element-button\" href=\"https:\/\/purplessence.net\/?post_type=product\">SHOP NOW<\/a><\/div>\n<\/div>\n<\/div><\/div><\/div>\n\n\n\n<div style=\"height:100px\" aria-hidden=\"true\" class=\"wp-block-spacer\"><\/div>\n\n\n\n<p><\/p>\n\n\n\n<div style=\"height:100px\" aria-hidden=\"true\" class=\"wp-block-spacer\"><\/div>\n\n\n\n<h3 class=\"wp-block-heading has-text-align-center\">Categories<\/h3>\n\n\n\n<p class=\"has-text-align-center\">Add miraculous lavender to your daily care routine and experience a complete transformation of body and spirit.<\/p>\n\n\n\n<div class=\"wp-block-columns is-layout-flex wp-container-core-columns-is-layout-28f84493 wp-block-columns-is-layout-flex\">\n<div class=\"wp-block-column is-layout-flow wp-block-column-is-layout-flow\">\n<figure class=\"wp-block-image size-full\"><a href=\"https:\/\/purplessence.net\/?product_cat=prirodna-kozmetika-od-lavande\"><img loading=\"lazy\" decoding=\"async\" width=\"900\" height=\"675\" src=\"https:\/\/purplessence.net\/wp-content\/uploads\/2025\/01\/Lavanda_proizvodi2.jpg\" alt=\"kozmetika, hidrolat, etericno ulje\" class=\"wp-image-649\" srcset=\"https:\/\/purplessence.net\/wp-content\/uploads\/2025\/01\/Lavanda_proizvodi2.jpg 900w, https:\/\/purplessence.net\/wp-content\/uploads\/2025\/01\/Lavanda_proizvodi2-300x225.jpg 300w, https:\/\/purplessence.net\/wp-content\/uploads\/2025\/01\/Lavanda_proizvodi2-768x576.jpg 768w, https:\/\/purplessence.net\/wp-content\/uploads\/2025\/01\/Lavanda_proizvodi2-575x431.jpg 575w, https:\/\/purplessence.net\/wp-content\/uploads\/2025\/01\/Lavanda_proizvodi2-380x285.jpg 380w, https:\/\/purplessence.net\/wp-content\/uploads\/2025\/01\/Lavanda_proizvodi2-420x315.jpg 420w, https:\/\/purplessence.net\/wp-content\/uploads\/2025\/01\/Lavanda_proizvodi2-800x600.jpg 800w\" sizes=\"auto, (max-width: 900px) 100vw, 900px\" \/><\/a><\/figure>\n\n\n\n<p class=\"has-text-align-center\"><a href=\"https:\/\/purplessence.net\/?product_cat=prirodna-kozmetika-od-lavande\">Cosmetics<\/a><\/p>\n<\/div>\n\n\n\n<div class=\"wp-block-column is-layout-flow wp-block-column-is-layout-flow\"><div class=\"wp-block-image\">\n<figure class=\"aligncenter size-large\"><a href=\"https:\/\/purplessence.net\/?product_cat=wellness-proizvodi-i-arome-sa-lavandom\"><img loading=\"lazy\" decoding=\"async\" width=\"1024\" height=\"923\" src=\"https:\/\/purplessence.net\/wp-content\/uploads\/2025\/01\/Prelivi-za-parno-kupatilo-1-1024x923.jpg\" alt=\"wellness arome, prelivi za parno kupatilo, prelivi za saune, mirisi za saunu\" class=\"wp-image-646\" srcset=\"https:\/\/purplessence.net\/wp-content\/uploads\/2025\/01\/Prelivi-za-parno-kupatilo-1-1024x923.jpg 1024w, https:\/\/purplessence.net\/wp-content\/uploads\/2025\/01\/Prelivi-za-parno-kupatilo-1-300x270.jpg 300w, https:\/\/purplessence.net\/wp-content\/uploads\/2025\/01\/Prelivi-za-parno-kupatilo-1-768x692.jpg 768w, https:\/\/purplessence.net\/wp-content\/uploads\/2025\/01\/Prelivi-za-parno-kupatilo-1-1140x1028.jpg 1140w, https:\/\/purplessence.net\/wp-content\/uploads\/2025\/01\/Prelivi-za-parno-kupatilo-1-920x829.jpg 920w, https:\/\/purplessence.net\/wp-content\/uploads\/2025\/01\/Prelivi-za-parno-kupatilo-1-575x518.jpg 575w, https:\/\/purplessence.net\/wp-content\/uploads\/2025\/01\/Prelivi-za-parno-kupatilo-1-380x343.jpg 380w, https:\/\/purplessence.net\/wp-content\/uploads\/2025\/01\/Prelivi-za-parno-kupatilo-1-1320x1190.jpg 1320w, https:\/\/purplessence.net\/wp-content\/uploads\/2025\/01\/Prelivi-za-parno-kupatilo-1-420x379.jpg 420w, https:\/\/purplessence.net\/wp-content\/uploads\/2025\/01\/Prelivi-za-parno-kupatilo-1-800x721.jpg 800w, https:\/\/purplessence.net\/wp-content\/uploads\/2025\/01\/Prelivi-za-parno-kupatilo-1-80x72.jpg 80w, https:\/\/purplessence.net\/wp-content\/uploads\/2025\/01\/Prelivi-za-parno-kupatilo-1.jpg 1500w\" sizes=\"auto, (max-width: 1024px) 100vw, 1024px\" \/><\/a><\/figure>\n<\/div>\n\n\n<p class=\"has-text-align-center\"><a href=\"https:\/\/purplessence.net\/?product_cat=wellness-proizvodi-i-arome-sa-lavandom\">Wellness &amp; Spa<\/a><\/p>\n<\/div>\n\n\n\n<div class=\"wp-block-column is-layout-flow wp-block-column-is-layout-flow\"><div class=\"wp-block-image\">\n<figure class=\"aligncenter size-large\"><a href=\"https:\/\/purplessence.net\/?product_cat=hrana-i-pice-sa-lavandom\"><img loading=\"lazy\" decoding=\"async\" width=\"1024\" height=\"1024\" src=\"https:\/\/purplessence.net\/wp-content\/uploads\/2025\/01\/hrana-sa-lavandom-2-1024x1024.jpg\" alt=\"\" class=\"wp-image-647\" srcset=\"https:\/\/purplessence.net\/wp-content\/uploads\/2025\/01\/hrana-sa-lavandom-2-1024x1024.jpg 1024w, https:\/\/purplessence.net\/wp-content\/uploads\/2025\/01\/hrana-sa-lavandom-2-300x300.jpg 300w, https:\/\/purplessence.net\/wp-content\/uploads\/2025\/01\/hrana-sa-lavandom-2-150x150.jpg 150w, https:\/\/purplessence.net\/wp-content\/uploads\/2025\/01\/hrana-sa-lavandom-2-768x768.jpg 768w, https:\/\/purplessence.net\/wp-content\/uploads\/2025\/01\/hrana-sa-lavandom-2-920x920.jpg 920w, https:\/\/purplessence.net\/wp-content\/uploads\/2025\/01\/hrana-sa-lavandom-2-575x575.jpg 575w, https:\/\/purplessence.net\/wp-content\/uploads\/2025\/01\/hrana-sa-lavandom-2-380x380.jpg 380w, https:\/\/purplessence.net\/wp-content\/uploads\/2025\/01\/hrana-sa-lavandom-2-420x420.jpg 420w, https:\/\/purplessence.net\/wp-content\/uploads\/2025\/01\/hrana-sa-lavandom-2-800x800.jpg 800w, https:\/\/purplessence.net\/wp-content\/uploads\/2025\/01\/hrana-sa-lavandom-2-100x100.jpg 100w, https:\/\/purplessence.net\/wp-content\/uploads\/2025\/01\/hrana-sa-lavandom-2.jpg 1080w\" sizes=\"auto, (max-width: 1024px) 100vw, 1024px\" \/><\/a><\/figure>\n<\/div>\n\n\n<p class=\"has-text-align-center\"><a href=\"https:\/\/purplessence.net\/?product_cat=hrana-i-pice-sa-lavandom\">Gastronomy<\/a><\/p>\n<\/div>\n\n\n\n<div class=\"wp-block-column is-layout-flow wp-block-column-is-layout-flow\"><div class=\"wp-block-image\">\n<figure class=\"aligncenter size-full\"><a href=\"https:\/\/purplessence.net\/?product_cat=poklon-paketi-inspirisani-prirodom\"><img loading=\"lazy\" decoding=\"async\" width=\"929\" height=\"781\" src=\"https:\/\/purplessence.net\/wp-content\/uploads\/2025\/01\/Poklon-paket_Delicious_natur-2.jpg\" alt=\"\" class=\"wp-image-648\" srcset=\"https:\/\/purplessence.net\/wp-content\/uploads\/2025\/01\/Poklon-paket_Delicious_natur-2.jpg 929w, https:\/\/purplessence.net\/wp-content\/uploads\/2025\/01\/Poklon-paket_Delicious_natur-2-300x252.jpg 300w, https:\/\/purplessence.net\/wp-content\/uploads\/2025\/01\/Poklon-paket_Delicious_natur-2-768x646.jpg 768w, https:\/\/purplessence.net\/wp-content\/uploads\/2025\/01\/Poklon-paket_Delicious_natur-2-920x773.jpg 920w, https:\/\/purplessence.net\/wp-content\/uploads\/2025\/01\/Poklon-paket_Delicious_natur-2-575x483.jpg 575w, https:\/\/purplessence.net\/wp-content\/uploads\/2025\/01\/Poklon-paket_Delicious_natur-2-380x319.jpg 380w, https:\/\/purplessence.net\/wp-content\/uploads\/2025\/01\/Poklon-paket_Delicious_natur-2-420x353.jpg 420w, https:\/\/purplessence.net\/wp-content\/uploads\/2025\/01\/Poklon-paket_Delicious_natur-2-800x673.jpg 800w\" sizes=\"auto, (max-width: 929px) 100vw, 929px\" \/><\/a><\/figure>\n<\/div>\n\n\n<p class=\"has-text-align-center\"><a href=\"https:\/\/purplessence.net\/?product_cat=jedinstveni-poklon-paketi-inspirisani-prirodom\">Gift<\/a><a href=\"https:\/\/purplessence.net\/?product_cat=poklon-paketi-inspirisani-prirodom\"> Boxes<\/a><\/p>\n<\/div>\n<\/div>\n\n\n\n<div style=\"height:90px\" aria-hidden=\"true\" class=\"wp-block-spacer\"><\/div>\n\n\n\n<div class=\"wp-block-group is-vertical is-layout-flex wp-container-core-group-is-layout-fe9cc265 wp-block-group-is-layout-flex\">\n<p><\/p>\n<\/div>\n\n\n\n<p><\/p>\n","protected":false},"excerpt":{"rendered":"<p>Essence of Nature PurplEssence Why choose us? All our products are handmade from the finest lavender variety Lavandula Vera Angustifolia, grown in the traditional way in Serbia. Each jar and [&hellip;]<\/p>\n","protected":false},"author":1,"featured_media":0,"parent":0,"menu_order":0,"comment_status":"closed","ping_status":"closed","template":"","meta":{"footnotes":""},"class_list":["post-362","page","type-page","status-publish","hentry"],"yoast_head":"<!-- This site is optimized with the Yoast SEO plugin v27.4 - https:\/\/yoast.com\/product\/yoast-seo-wordpress\/ -->\n<title>PurplEssence - Handmade Lavender Products - Purplessence - Essence of Nature<\/title>\n<meta name=\"description\" content=\"Purplessence handmade lavender products. All our products are made from the finest lavender variety grown in the traditional way in Serbia.\" \/>\n<meta name=\"robots\" content=\"index, follow, max-snippet:-1, max-image-preview:large, max-video-preview:-1\" \/>\n<link rel=\"canonical\" href=\"https:\/\/purplessence.net\/?page_id=362&lang=en\" \/>\n<meta property=\"og:locale\" content=\"sr_RS\" \/>\n<meta property=\"og:type\" content=\"article\" \/>\n<meta property=\"og:title\" content=\"PurplEssence - Handmade Lavender Products - Purplessence - Essence of Nature\" \/>\n<meta property=\"og:description\" content=\"Purplessence handmade lavender products. All our products are made from the finest lavender variety grown in the traditional way in Serbia.\" \/>\n<meta property=\"og:url\" content=\"https:\/\/purplessence.net\/?page_id=362&amp;lang=en\" \/>\n<meta property=\"og:site_name\" content=\"Purplessence - Essence of Nature\" \/>\n<meta property=\"article:publisher\" content=\"https:\/\/www.facebook.com\/p\/Rasadnik-Lavande-Janoev-100085606671590\/\" \/>\n<meta property=\"article:modified_time\" content=\"2025-10-17T19:19:47+00:00\" \/>\n<meta property=\"og:image\" content=\"https:\/\/purplessence.net\/wp-content\/uploads\/2025\/01\/vecteezy_vibrant-lavender-field-under-blue-sky_54364921.jpg\" \/>\n<meta name=\"twitter:card\" content=\"summary_large_image\" \/>\n<meta name=\"twitter:label1\" content=\"\u041f\u0440\u043e\u0446\u0435\u045a\u0435\u043d\u043e \u0432\u0440\u0435\u043c\u0435 \u0447\u0438\u0442\u0430\u045a\u0430\" \/>\n\t<meta name=\"twitter:data1\" content=\"2 \u043c\u0438\u043d\u0443\u0442\u0430\" \/>\n<script type=\"application\/ld+json\" class=\"yoast-schema-graph\">{\"@context\":\"https:\\\/\\\/schema.org\",\"@graph\":[{\"@type\":\"WebPage\",\"@id\":\"https:\\\/\\\/purplessence.net\\\/?page_id=362&lang=en\",\"url\":\"https:\\\/\\\/purplessence.net\\\/?page_id=362&lang=en\",\"name\":\"PurplEssence - Handmade Lavender Products - Purplessence - Essence of Nature\",\"isPartOf\":{\"@id\":\"https:\\\/\\\/purplessence.net\\\/#website\"},\"primaryImageOfPage\":{\"@id\":\"https:\\\/\\\/purplessence.net\\\/?page_id=362&lang=en#primaryimage\"},\"image\":{\"@id\":\"https:\\\/\\\/purplessence.net\\\/?page_id=362&lang=en#primaryimage\"},\"thumbnailUrl\":\"https:\\\/\\\/purplessence.net\\\/wp-content\\\/uploads\\\/2025\\\/01\\\/vecteezy_vibrant-lavender-field-under-blue-sky_54364921.jpg\",\"datePublished\":\"2021-08-17T17:03:43+00:00\",\"dateModified\":\"2025-10-17T19:19:47+00:00\",\"description\":\"Purplessence handmade lavender products. All our products are made from the finest lavender variety grown in the traditional way in Serbia.\",\"breadcrumb\":{\"@id\":\"https:\\\/\\\/purplessence.net\\\/?page_id=362&lang=en#breadcrumb\"},\"inLanguage\":\"sr-RS\",\"potentialAction\":[{\"@type\":\"ReadAction\",\"target\":[\"https:\\\/\\\/purplessence.net\\\/?page_id=362&lang=en\"]}]},{\"@type\":\"ImageObject\",\"inLanguage\":\"sr-RS\",\"@id\":\"https:\\\/\\\/purplessence.net\\\/?page_id=362&lang=en#primaryimage\",\"url\":\"https:\\\/\\\/purplessence.net\\\/wp-content\\\/uploads\\\/2025\\\/01\\\/vecteezy_vibrant-lavender-field-under-blue-sky_54364921-scaled.jpg\",\"contentUrl\":\"https:\\\/\\\/purplessence.net\\\/wp-content\\\/uploads\\\/2025\\\/01\\\/vecteezy_vibrant-lavender-field-under-blue-sky_54364921-scaled.jpg\",\"width\":2560,\"height\":1280,\"caption\":\"Lavanda je odli\u010dan izbor za sve ljubitelje aromati\u010dnog i lekovitog bilja, kao i estete koji \u017eele atraktivan detalj u svom ambijentu\"},{\"@type\":\"BreadcrumbList\",\"@id\":\"https:\\\/\\\/purplessence.net\\\/?page_id=362&lang=en#breadcrumb\",\"itemListElement\":[{\"@type\":\"ListItem\",\"position\":1,\"name\":\"Home\",\"item\":\"https:\\\/\\\/purplessence.net\\\/\"},{\"@type\":\"ListItem\",\"position\":2,\"name\":\"PurplEssence &#8211; Handmade Lavender Products\"}]},{\"@type\":\"WebSite\",\"@id\":\"https:\\\/\\\/purplessence.net\\\/#website\",\"url\":\"https:\\\/\\\/purplessence.net\\\/\",\"name\":\"Purplessence.net\",\"description\":\"Natural Lavender Products - Essence of Nature\",\"publisher\":{\"@id\":\"https:\\\/\\\/purplessence.net\\\/#organization\"},\"alternateName\":\"Natural Lavender Products - Essence of Nature\",\"potentialAction\":[{\"@type\":\"SearchAction\",\"target\":{\"@type\":\"EntryPoint\",\"urlTemplate\":\"https:\\\/\\\/purplessence.net\\\/?s={search_term_string}\"},\"query-input\":{\"@type\":\"PropertyValueSpecification\",\"valueRequired\":true,\"valueName\":\"search_term_string\"}}],\"inLanguage\":\"sr-RS\"},{\"@type\":\"Organization\",\"@id\":\"https:\\\/\\\/purplessence.net\\\/#organization\",\"name\":\"PurplEssence Zrenjanin\",\"alternateName\":\"Essence of Nature\",\"url\":\"https:\\\/\\\/purplessence.net\\\/\",\"logo\":{\"@type\":\"ImageObject\",\"inLanguage\":\"sr-RS\",\"@id\":\"https:\\\/\\\/purplessence.net\\\/#\\\/schema\\\/logo\\\/image\\\/\",\"url\":\"https:\\\/\\\/purplessence.net\\\/wp-content\\\/uploads\\\/2025\\\/01\\\/cropped-cropped-logo-purplessence_lavanda.png\",\"contentUrl\":\"https:\\\/\\\/purplessence.net\\\/wp-content\\\/uploads\\\/2025\\\/01\\\/cropped-cropped-logo-purplessence_lavanda.png\",\"width\":512,\"height\":512,\"caption\":\"PurplEssence Zrenjanin\"},\"image\":{\"@id\":\"https:\\\/\\\/purplessence.net\\\/#\\\/schema\\\/logo\\\/image\\\/\"},\"sameAs\":[\"https:\\\/\\\/www.facebook.com\\\/p\\\/Rasadnik-Lavande-Janoev-100085606671590\\\/\"]}]}<\/script>\n<!-- \/ Yoast SEO plugin. -->","yoast_head_json":{"title":"PurplEssence - Handmade Lavender Products - Purplessence - Essence of Nature","description":"Purplessence handmade lavender products. All our products are made from the finest lavender variety grown in the traditional way in Serbia.","robots":{"index":"index","follow":"follow","max-snippet":"max-snippet:-1","max-image-preview":"max-image-preview:large","max-video-preview":"max-video-preview:-1"},"canonical":"https:\/\/purplessence.net\/?page_id=362&lang=en","og_locale":"sr_RS","og_type":"article","og_title":"PurplEssence - Handmade Lavender Products - Purplessence - Essence of Nature","og_description":"Purplessence handmade lavender products. All our products are made from the finest lavender variety grown in the traditional way in Serbia.","og_url":"https:\/\/purplessence.net\/?page_id=362&lang=en","og_site_name":"Purplessence - Essence of Nature","article_publisher":"https:\/\/www.facebook.com\/p\/Rasadnik-Lavande-Janoev-100085606671590\/","article_modified_time":"2025-10-17T19:19:47+00:00","og_image":[{"url":"https:\/\/purplessence.net\/wp-content\/uploads\/2025\/01\/vecteezy_vibrant-lavender-field-under-blue-sky_54364921.jpg","type":"","width":"","height":""}],"twitter_card":"summary_large_image","twitter_misc":{"\u041f\u0440\u043e\u0446\u0435\u045a\u0435\u043d\u043e \u0432\u0440\u0435\u043c\u0435 \u0447\u0438\u0442\u0430\u045a\u0430":"2 \u043c\u0438\u043d\u0443\u0442\u0430"},"schema":{"@context":"https:\/\/schema.org","@graph":[{"@type":"WebPage","@id":"https:\/\/purplessence.net\/?page_id=362&lang=en","url":"https:\/\/purplessence.net\/?page_id=362&lang=en","name":"PurplEssence - Handmade Lavender Products - Purplessence - Essence of Nature","isPartOf":{"@id":"https:\/\/purplessence.net\/#website"},"primaryImageOfPage":{"@id":"https:\/\/purplessence.net\/?page_id=362&lang=en#primaryimage"},"image":{"@id":"https:\/\/purplessence.net\/?page_id=362&lang=en#primaryimage"},"thumbnailUrl":"https:\/\/purplessence.net\/wp-content\/uploads\/2025\/01\/vecteezy_vibrant-lavender-field-under-blue-sky_54364921.jpg","datePublished":"2021-08-17T17:03:43+00:00","dateModified":"2025-10-17T19:19:47+00:00","description":"Purplessence handmade lavender products. All our products are made from the finest lavender variety grown in the traditional way in Serbia.","breadcrumb":{"@id":"https:\/\/purplessence.net\/?page_id=362&lang=en#breadcrumb"},"inLanguage":"sr-RS","potentialAction":[{"@type":"ReadAction","target":["https:\/\/purplessence.net\/?page_id=362&lang=en"]}]},{"@type":"ImageObject","inLanguage":"sr-RS","@id":"https:\/\/purplessence.net\/?page_id=362&lang=en#primaryimage","url":"https:\/\/purplessence.net\/wp-content\/uploads\/2025\/01\/vecteezy_vibrant-lavender-field-under-blue-sky_54364921-scaled.jpg","contentUrl":"https:\/\/purplessence.net\/wp-content\/uploads\/2025\/01\/vecteezy_vibrant-lavender-field-under-blue-sky_54364921-scaled.jpg","width":2560,"height":1280,"caption":"Lavanda je odli\u010dan izbor za sve ljubitelje aromati\u010dnog i lekovitog bilja, kao i estete koji \u017eele atraktivan detalj u svom ambijentu"},{"@type":"BreadcrumbList","@id":"https:\/\/purplessence.net\/?page_id=362&lang=en#breadcrumb","itemListElement":[{"@type":"ListItem","position":1,"name":"Home","item":"https:\/\/purplessence.net\/"},{"@type":"ListItem","position":2,"name":"PurplEssence &#8211; Handmade Lavender Products"}]},{"@type":"WebSite","@id":"https:\/\/purplessence.net\/#website","url":"https:\/\/purplessence.net\/","name":"Purplessence.net","description":"Natural Lavender Products - Essence of Nature","publisher":{"@id":"https:\/\/purplessence.net\/#organization"},"alternateName":"Natural Lavender Products - Essence of Nature","potentialAction":[{"@type":"SearchAction","target":{"@type":"EntryPoint","urlTemplate":"https:\/\/purplessence.net\/?s={search_term_string}"},"query-input":{"@type":"PropertyValueSpecification","valueRequired":true,"valueName":"search_term_string"}}],"inLanguage":"sr-RS"},{"@type":"Organization","@id":"https:\/\/purplessence.net\/#organization","name":"PurplEssence Zrenjanin","alternateName":"Essence of Nature","url":"https:\/\/purplessence.net\/","logo":{"@type":"ImageObject","inLanguage":"sr-RS","@id":"https:\/\/purplessence.net\/#\/schema\/logo\/image\/","url":"https:\/\/purplessence.net\/wp-content\/uploads\/2025\/01\/cropped-cropped-logo-purplessence_lavanda.png","contentUrl":"https:\/\/purplessence.net\/wp-content\/uploads\/2025\/01\/cropped-cropped-logo-purplessence_lavanda.png","width":512,"height":512,"caption":"PurplEssence Zrenjanin"},"image":{"@id":"https:\/\/purplessence.net\/#\/schema\/logo\/image\/"},"sameAs":["https:\/\/www.facebook.com\/p\/Rasadnik-Lavande-Janoev-100085606671590\/"]}]}},"jetpack_sharing_enabled":true,"_links":{"self":[{"href":"https:\/\/purplessence.net\/index.php?rest_route=\/wp\/v2\/pages\/362","targetHints":{"allow":["GET"]}}],"collection":[{"href":"https:\/\/purplessence.net\/index.php?rest_route=\/wp\/v2\/pages"}],"about":[{"href":"https:\/\/purplessence.net\/index.php?rest_route=\/wp\/v2\/types\/page"}],"author":[{"embeddable":true,"href":"https:\/\/purplessence.net\/index.php?rest_route=\/wp\/v2\/users\/1"}],"replies":[{"embeddable":true,"href":"https:\/\/purplessence.net\/index.php?rest_route=%2Fwp%2Fv2%2Fcomments&post=362"}],"version-history":[{"count":47,"href":"https:\/\/purplessence.net\/index.php?rest_route=\/wp\/v2\/pages\/362\/revisions"}],"predecessor-version":[{"id":1593,"href":"https:\/\/purplessence.net\/index.php?rest_route=\/wp\/v2\/pages\/362\/revisions\/1593"}],"wp:attachment":[{"href":"https:\/\/purplessence.net\/index.php?rest_route=%2Fwp%2Fv2%2Fmedia&parent=362"}],"curies":[{"name":"wp","href":"https:\/\/api.w.org\/{rel}","templated":true}]}}