{"id":1501,"date":"2025-11-25T19:15:58","date_gmt":"2025-11-25T18:15:58","guid":{"rendered":"https:\/\/purplessence.net\/?post_type=product&#038;p=1501"},"modified":"2026-01-02T19:21:53","modified_gmt":"2026-01-02T18:21:53","slug":"arome-za-saune","status":"publish","type":"product","link":"https:\/\/purplessence.net\/?product=arome-za-saune","title":{"rendered":"Miris za saunu Kedar 1l"},"content":{"rendered":"<p data-start=\"438\" data-end=\"755\"><strong data-start=\"438\" data-end=\"456\">Arome za saune<\/strong> PurplEssence transformi\u0161u klasi\u010dno sauna iskustvo u ekskluzivan spa do\u017eivljaj. Zbog toga svaka aroma pa\u017eljivo balansira mirisne note kedra koje umiru um, revitalizuju telo i stvaraju duboku relaksaciju. Pored toga, kreirane su od prirodnih eteri\u010dnih ulja, bez hemikalija i ve\u0161ta\u010dkih mirisa.<\/p>\n<p>Dozvolite sebi trenutak \u010distog hedonizma. Na\u0161e\u00a0premium arome za saunu\u00a0transformi\u0161u klasi\u010dno sauna iskustvo u ekskluzivan spa do\u017eivljaj. Kreirane od najfinijih prirodnih eteri\u010dnih ulja, pa\u017eljivo izbalansirane mirisne kompozicije osmi\u0161ljene su da probude \u010dula, umire um i revitalizuju telo.<\/p>\n<p data-start=\"805\" data-end=\"1052\">Zatim, aroma se koristi tako \u0161to se nekoliko kapi razbla\u017ei u vodi i poliva preko u\u017earenog kamenja. Tako se intenzivno osloba\u0111aju mirisne note, stvaraju\u0107i luksuznu i opu\u0161taju\u0107u atmosferu. Idealan je za <strong data-start=\"1010\" data-end=\"1051\">saune, spa centre i wellness tretmane<\/strong>.<\/p>\n<ul data-start=\"1054\" data-end=\"1237\">\n<li data-start=\"1054\" data-end=\"1091\">\n<p data-start=\"1056\" data-end=\"1091\">Elegancija prirode u svakom udahu<\/p>\n<\/li>\n<li data-start=\"1092\" data-end=\"1128\">\n<p data-start=\"1094\" data-end=\"1128\">Bogate, sofisticirane note kedra<\/p>\n<\/li>\n<li data-start=\"1129\" data-end=\"1181\">\n<p data-start=\"1131\" data-end=\"1181\">Idealne za privatne i profesionalne spa prostore<\/p>\n<\/li>\n<li data-start=\"1182\" data-end=\"1237\">\n<p data-start=\"1184\" data-end=\"1237\">Ritualni do\u017eivljaj inspirisan nordijskom tradicijom<\/p>\n<\/li>\n<\/ul>\n<p data-start=\"1286\" data-end=\"1526\">Na kraju, svaka kap ove premium arome pa\u017eljivo je formulisana esencija prirode koja transformi\u0161e va\u0161u saunu u oazu harmonije i luksuza.<strong data-start=\"1426\" data-end=\"1434\"> Zato <\/strong>je savr\u0161ena za sve koji \u017eele potpun spa do\u017eivljaj kod ku\u0107e ili u profesionalnim prostorima.<\/p>\n<p>Na\u010din upotrebe: Razbla\u017eiti sa vodom u odnosu voda:preliv \u2013 10:1.<\/p>\n<p>Zemlja porekla: Srbija<\/p>\n<p>Neto: 1000 ml<\/p>\n<p>&nbsp;<\/p>\n<p><strong>FAQ \u2013 Arome za saune<\/strong><\/p>\n<ol>\n<li><strong> Kako se koriste arome za saunu?<\/strong><\/li>\n<\/ol>\n<p>Arome za saunu se razbla\u017euju u vodi pre upotrebe. Obi\u010dno se 1l arome razbla\u017ei sa 10 lit vode, a zatim se me\u0161avina lagano poliva po vrelom kamenju.<\/p>\n<ol start=\"2\">\n<li><strong> Da li su na\u0161e arome za saunu prirodne?<\/strong><\/li>\n<\/ol>\n<p>Da. Koristimo koncentrovana eteri\u010dna ulja i prirodne biljne arome bez sinteti\u010dkih dodataka.<\/p>\n<ol start=\"3\">\n<li><strong> Da li se arome za saune mogu staviti direktno na vrelo kamenje?<\/strong><\/li>\n<\/ol>\n<p>Ne. Arome se nikada ne stavljaju direktno na zagrejano kamenje jer mogu pregoreti i izazvati o\u0161tar miris i postoji opasnost od po\u017eara. Uvek se razbla\u017euju u vodi i tek onda prelivaju uz pomo\u0107 drvene kutla\u010de preko vulkanskog\u00a0 kamenja.<\/p>\n<ol start=\"4\">\n<li><strong> Da li su va\u0161e arome bezbedne za sve vrste sauna?<\/strong><\/li>\n<\/ol>\n<p>Da. Arome PurplEssence su pogodne za:<\/p>\n<ul>\n<li>finske saune<\/li>\n<li>bio-saune<\/li>\n<li>infracrvene saune (uz posudu sa vodom)<\/li>\n<li>ku\u0107ne i profesionalne wellness centre<\/li>\n<\/ul>\n<p>Formulisane su tako da ne o\u0161te\u0107uju kamenje, pe\u0107i niti drvo u saunama.<\/p>\n<ol start=\"5\">\n<li><strong> Da li su arome prirodne ili sinteti\u010dke?<\/strong><\/li>\n<\/ol>\n<p>Na\u0161e arome su zasnovane na <strong>prirodnim mirisnim komponentama i eteri\u010dnim uljima<\/strong>, bez te\u0161kih hemikalija i bez parabena. Namenjene su za profesionalnu upotrebu u wellness okru\u017eenju.<\/p>\n<ol start=\"6\">\n<li><strong> Koliko dugo traje miris u sauni?<\/strong><\/li>\n<\/ol>\n<p>Miris se osloba\u0111a odmah nakon polivanja i traje izme\u0111u 5 i 15 minuta, u zavisnosti od:<\/p>\n<ul>\n<li>ja\u010dine mirisa<\/li>\n<li>temperature<\/li>\n<li>ventilacije<\/li>\n<li>koli\u010dine vode koja se nanosi.<\/li>\n<\/ul>\n<ol start=\"7\">\n<li><strong> Da li se arome mogu me\u0161ati izme\u0111u sebe?<\/strong><\/li>\n<\/ol>\n<p>Da, ali samo one koje su kompatibilne. Odli\u010dne kombinacije su:<\/p>\n<ul>\n<li>kedar + bor (drvenasto-\u0161umska kombinacija)<\/li>\n<li>limun + grejpfrut (osve\u017eavaju\u0107i citrusni miks)<\/li>\n<li>vanila + \u010dokolada (relaks &amp; comfort)<\/li>\n<\/ul>\n<p>Preporu\u010dujemo probu u manjim koli\u010dinama.<\/p>\n<ol start=\"8\">\n<li><strong> Da li su arome pogodne za osobe sa osetljivim disajnim putevima?<\/strong><\/li>\n<\/ol>\n<p>Ve\u0107ina korisnika ih odli\u010dno podnosi, ali je va\u017eno ne preterivati sa koncentracijom. Za osetljive ljude preporu\u010duju se bla\u017ee arome kao \u0161to su: lavanda, citrusi, zelena jabuka.<\/p>\n<ol start=\"9\">\n<li><strong> Da li ostavljaju trag ili masno\u0107u u sauni?<\/strong><\/li>\n<\/ol>\n<p>Ne. PurplEssence arome su formulisane da budu <strong>\u010disto vodorastvorne<\/strong>, bez uljanih taloga koji mogu o\u0161tetiti drvo ili kamenje.<\/p>\n<ol start=\"10\">\n<li><strong> Koliko \u010desto se sme koristiti aroma u toku sauna tretmana?<\/strong><\/li>\n<\/ol>\n<p>U profesionalnim saunama aroma se mo\u017ee koristiti na svakih 10\u201320 minuta. U ku\u0107nim uslovima \u2013 jednom po ulasku u saunu je sasvim dovoljno.<\/p>\n<ol start=\"11\">\n<li><strong> Da li su na\u0161e arome pogodne i za difuzere?<\/strong><\/li>\n<\/ol>\n<p>Mogu se koristiti za svaki oblik aromaterapije. Dozirajte ih u destilovanu vodu, u koli\u010dini u zavisnosti od \u017eeljenog intenziteta arome.<\/p>\n<ol start=\"12\">\n<li><strong> Kako se pravilno \u010duva aroma za saunu?<\/strong><\/li>\n<\/ol>\n<p>\u010cuvati na sobnoj temperaturi, dalje od direktne svetlosti.<\/p>\n<ol start=\"13\">\n<li><strong> Da li se PurplEssence arome mogu koristiti u komercijalnim spa centrima?<\/strong><\/li>\n<\/ol>\n<p>Da, sve na\u0161e arome su <strong>profesionalnog kvaliteta<\/strong> i pogodne za:<\/p>\n<ul>\n<li>wellness hotele<\/li>\n<li>spa centre<\/li>\n<li>teretane<\/li>\n<li>privatne i javne saune.<\/li>\n<\/ul>\n<p>Na\u0161e <strong data-start=\"2361\" data-end=\"2379\">arome za saune<\/strong> savr\u0161eno se uklapaju sa proizvodima iz kategorije<br data-start=\"2429\" data-end=\"2432\" \/>\ud83d\udc49 <a href=\"https:\/\/purplessence.net\/?product_cat=arome-za-parna-kupatila\"><em data-start=\"2435\" data-end=\"2460\">Arome za parna kupatila<\/em><\/a><br data-start=\"2460\" data-end=\"2463\" \/>\ud83d\udc49 <a href=\"https:\/\/purplessence.net\/?product_cat=arome-za-djakuzije\"><em data-start=\"2466\" data-end=\"2510\">Arome za \u0111akuzi kade i hidromasa\u017ene bazene<\/em><\/a><\/p>\n<p>Vi\u0161e o aromaterapiji u saunama mo\u017eete pro\u010ditati na sajtu <a href=\"https:\/\/www.healthline.com\/\"><strong data-start=\"2713\" data-end=\"2727\">Healthline<\/strong><\/a>.<\/p>\n","protected":false},"excerpt":{"rendered":"<p><strong>Arome za saune<\/strong> PurplEssence izra\u0111ene su od pa\u017eljivo odabranih prirodnih eteri\u010dnih ulja i namenjene su oboga\u0107ivanju do\u017eivljaja u finskim i bio saunama. Pravilno odabrana aroma doprinosi relaksaciji, lak\u0161em disanju i potpunom wellness iskustvu.<\/p>\n<p>Topao, zemljani i luksuzno drvenasti miris kedrove \u0161ume koji deluje opu\u0161taju\u0107e. Ovaj aromati\u010dni ton donosi ose\u0107aj sigurnosti, harmonije i unutra\u0161njeg balansa \u2014 savr\u0161en za duboku relaksaciju u sauni.<\/p>\n","protected":false},"featured_media":1502,"comment_status":"open","ping_status":"closed","template":"","meta":[],"product_brand":[],"product_cat":[125],"product_tag":[334,335,336,337],"class_list":{"0":"post-1501","1":"product","2":"type-product","3":"status-publish","4":"has-post-thumbnail","6":"product_cat-arome-za-saune","7":"product_tag-aroma-za-saunu-kedar","8":"product_tag-cedar-sauna-aroma","9":"product_tag-drvenasti-mirisi-wellness","10":"product_tag-prirodna-sauna-aroma","12":"first","13":"instock","14":"purchasable","15":"product-type-simple"},"yoast_head":"<!-- This site is optimized with the Yoast SEO plugin v27.4 - https:\/\/yoast.com\/product\/yoast-seo-wordpress\/ -->\n<title>Miris za saunu Kedar 1l - Purplessence - Essence of Nature<\/title>\n<meta name=\"description\" content=\"Arome za saune od prirodnih eteri\u010dnih ulja namenjene profesionalnoj i ku\u0107noj upotrebi. Intenzivni mirisi koji pobolj\u0161avaju do\u017eivljaj saune.\" \/>\n<meta name=\"robots\" content=\"index, follow, max-snippet:-1, max-image-preview:large, max-video-preview:-1\" \/>\n<link rel=\"canonical\" href=\"https:\/\/purplessence.net\/?product=arome-za-saune\" \/>\n<meta property=\"og:locale\" content=\"sr_RS\" \/>\n<meta property=\"og:type\" content=\"article\" \/>\n<meta property=\"og:title\" content=\"Miris za saunu Kedar 1l - Purplessence - Essence of Nature\" \/>\n<meta property=\"og:description\" content=\"Arome za saune od prirodnih eteri\u010dnih ulja namenjene profesionalnoj i ku\u0107noj upotrebi. Intenzivni mirisi koji pobolj\u0161avaju do\u017eivljaj saune.\" \/>\n<meta property=\"og:url\" content=\"https:\/\/purplessence.net\/?product=arome-za-saune\" \/>\n<meta property=\"og:site_name\" content=\"Purplessence - Essence of Nature\" \/>\n<meta property=\"article:publisher\" content=\"https:\/\/www.facebook.com\/p\/Rasadnik-Lavande-Janoev-100085606671590\/\" \/>\n<meta property=\"article:modified_time\" content=\"2026-01-02T18:21:53+00:00\" \/>\n<meta property=\"og:image\" content=\"https:\/\/purplessence.net\/wp-content\/uploads\/2025\/11\/miris-za-saunu-kedar.jpg\" \/>\n\t<meta property=\"og:image:width\" content=\"1920\" \/>\n\t<meta property=\"og:image:height\" content=\"2560\" \/>\n\t<meta property=\"og:image:type\" content=\"image\/jpeg\" \/>\n<meta name=\"twitter:card\" content=\"summary_large_image\" \/>\n<meta name=\"twitter:label1\" content=\"\u041f\u0440\u043e\u0446\u0435\u045a\u0435\u043d\u043e \u0432\u0440\u0435\u043c\u0435 \u0447\u0438\u0442\u0430\u045a\u0430\" \/>\n\t<meta name=\"twitter:data1\" content=\"4 \u043c\u0438\u043d\u0443\u0442\u0430\" \/>\n<script type=\"application\/ld+json\" class=\"yoast-schema-graph\">{\"@context\":\"https:\\\/\\\/schema.org\",\"@graph\":[{\"@type\":\"WebPage\",\"@id\":\"https:\\\/\\\/purplessence.net\\\/?product=arome-za-saune\",\"url\":\"https:\\\/\\\/purplessence.net\\\/?product=arome-za-saune\",\"name\":\"Miris za saunu Kedar 1l - Purplessence - Essence of Nature\",\"isPartOf\":{\"@id\":\"https:\\\/\\\/purplessence.net\\\/#website\"},\"primaryImageOfPage\":{\"@id\":\"https:\\\/\\\/purplessence.net\\\/?product=arome-za-saune#primaryimage\"},\"image\":{\"@id\":\"https:\\\/\\\/purplessence.net\\\/?product=arome-za-saune#primaryimage\"},\"thumbnailUrl\":\"https:\\\/\\\/purplessence.net\\\/wp-content\\\/uploads\\\/2025\\\/11\\\/miris-za-saunu-kedar.jpg\",\"datePublished\":\"2025-11-25T18:15:58+00:00\",\"dateModified\":\"2026-01-02T18:21:53+00:00\",\"description\":\"Arome za saune od prirodnih eteri\u010dnih ulja namenjene profesionalnoj i ku\u0107noj upotrebi. Intenzivni mirisi koji pobolj\u0161avaju do\u017eivljaj saune.\",\"breadcrumb\":{\"@id\":\"https:\\\/\\\/purplessence.net\\\/?product=arome-za-saune#breadcrumb\"},\"inLanguage\":\"sr-RS\",\"potentialAction\":[{\"@type\":\"ReadAction\",\"target\":[\"https:\\\/\\\/purplessence.net\\\/?product=arome-za-saune\"]}]},{\"@type\":\"ImageObject\",\"inLanguage\":\"sr-RS\",\"@id\":\"https:\\\/\\\/purplessence.net\\\/?product=arome-za-saune#primaryimage\",\"url\":\"https:\\\/\\\/purplessence.net\\\/wp-content\\\/uploads\\\/2025\\\/11\\\/miris-za-saunu-kedar.jpg\",\"contentUrl\":\"https:\\\/\\\/purplessence.net\\\/wp-content\\\/uploads\\\/2025\\\/11\\\/miris-za-saunu-kedar.jpg\",\"width\":1920,\"height\":2560,\"caption\":\"Drvenasta aroma kedra za saune\"},{\"@type\":\"BreadcrumbList\",\"@id\":\"https:\\\/\\\/purplessence.net\\\/?product=arome-za-saune#breadcrumb\",\"itemListElement\":[{\"@type\":\"ListItem\",\"position\":1,\"name\":\"Home\",\"item\":\"https:\\\/\\\/purplessence.net\\\/\"},{\"@type\":\"ListItem\",\"position\":2,\"name\":\"Shop\",\"item\":\"https:\\\/\\\/purplessence.net\\\/?page_id=396\"},{\"@type\":\"ListItem\",\"position\":3,\"name\":\"Miris za saunu Kedar 1l\"}]},{\"@type\":\"WebSite\",\"@id\":\"https:\\\/\\\/purplessence.net\\\/#website\",\"url\":\"https:\\\/\\\/purplessence.net\\\/\",\"name\":\"Purplessence.net\",\"description\":\"Natural Lavender Products - Essence of Nature\",\"publisher\":{\"@id\":\"https:\\\/\\\/purplessence.net\\\/#organization\"},\"alternateName\":\"Natural Lavender Products - Essence of Nature\",\"potentialAction\":[{\"@type\":\"SearchAction\",\"target\":{\"@type\":\"EntryPoint\",\"urlTemplate\":\"https:\\\/\\\/purplessence.net\\\/?s={search_term_string}\"},\"query-input\":{\"@type\":\"PropertyValueSpecification\",\"valueRequired\":true,\"valueName\":\"search_term_string\"}}],\"inLanguage\":\"sr-RS\"},{\"@type\":\"Organization\",\"@id\":\"https:\\\/\\\/purplessence.net\\\/#organization\",\"name\":\"PurplEssence Zrenjanin\",\"alternateName\":\"Essence of Nature\",\"url\":\"https:\\\/\\\/purplessence.net\\\/\",\"logo\":{\"@type\":\"ImageObject\",\"inLanguage\":\"sr-RS\",\"@id\":\"https:\\\/\\\/purplessence.net\\\/#\\\/schema\\\/logo\\\/image\\\/\",\"url\":\"https:\\\/\\\/purplessence.net\\\/wp-content\\\/uploads\\\/2025\\\/01\\\/cropped-cropped-logo-purplessence_lavanda.png\",\"contentUrl\":\"https:\\\/\\\/purplessence.net\\\/wp-content\\\/uploads\\\/2025\\\/01\\\/cropped-cropped-logo-purplessence_lavanda.png\",\"width\":512,\"height\":512,\"caption\":\"PurplEssence Zrenjanin\"},\"image\":{\"@id\":\"https:\\\/\\\/purplessence.net\\\/#\\\/schema\\\/logo\\\/image\\\/\"},\"sameAs\":[\"https:\\\/\\\/www.facebook.com\\\/p\\\/Rasadnik-Lavande-Janoev-100085606671590\\\/\"]}]}<\/script>\n<!-- \/ Yoast SEO plugin. -->","yoast_head_json":{"title":"Miris za saunu Kedar 1l - Purplessence - Essence of Nature","description":"Arome za saune od prirodnih eteri\u010dnih ulja namenjene profesionalnoj i ku\u0107noj upotrebi. Intenzivni mirisi koji pobolj\u0161avaju do\u017eivljaj saune.","robots":{"index":"index","follow":"follow","max-snippet":"max-snippet:-1","max-image-preview":"max-image-preview:large","max-video-preview":"max-video-preview:-1"},"canonical":"https:\/\/purplessence.net\/?product=arome-za-saune","og_locale":"sr_RS","og_type":"article","og_title":"Miris za saunu Kedar 1l - Purplessence - Essence of Nature","og_description":"Arome za saune od prirodnih eteri\u010dnih ulja namenjene profesionalnoj i ku\u0107noj upotrebi. Intenzivni mirisi koji pobolj\u0161avaju do\u017eivljaj saune.","og_url":"https:\/\/purplessence.net\/?product=arome-za-saune","og_site_name":"Purplessence - Essence of Nature","article_publisher":"https:\/\/www.facebook.com\/p\/Rasadnik-Lavande-Janoev-100085606671590\/","article_modified_time":"2026-01-02T18:21:53+00:00","og_image":[{"width":1920,"height":2560,"url":"https:\/\/purplessence.net\/wp-content\/uploads\/2025\/11\/miris-za-saunu-kedar.jpg","type":"image\/jpeg"}],"twitter_card":"summary_large_image","twitter_misc":{"\u041f\u0440\u043e\u0446\u0435\u045a\u0435\u043d\u043e \u0432\u0440\u0435\u043c\u0435 \u0447\u0438\u0442\u0430\u045a\u0430":"4 \u043c\u0438\u043d\u0443\u0442\u0430"},"schema":{"@context":"https:\/\/schema.org","@graph":[{"@type":"WebPage","@id":"https:\/\/purplessence.net\/?product=arome-za-saune","url":"https:\/\/purplessence.net\/?product=arome-za-saune","name":"Miris za saunu Kedar 1l - Purplessence - Essence of Nature","isPartOf":{"@id":"https:\/\/purplessence.net\/#website"},"primaryImageOfPage":{"@id":"https:\/\/purplessence.net\/?product=arome-za-saune#primaryimage"},"image":{"@id":"https:\/\/purplessence.net\/?product=arome-za-saune#primaryimage"},"thumbnailUrl":"https:\/\/purplessence.net\/wp-content\/uploads\/2025\/11\/miris-za-saunu-kedar.jpg","datePublished":"2025-11-25T18:15:58+00:00","dateModified":"2026-01-02T18:21:53+00:00","description":"Arome za saune od prirodnih eteri\u010dnih ulja namenjene profesionalnoj i ku\u0107noj upotrebi. Intenzivni mirisi koji pobolj\u0161avaju do\u017eivljaj saune.","breadcrumb":{"@id":"https:\/\/purplessence.net\/?product=arome-za-saune#breadcrumb"},"inLanguage":"sr-RS","potentialAction":[{"@type":"ReadAction","target":["https:\/\/purplessence.net\/?product=arome-za-saune"]}]},{"@type":"ImageObject","inLanguage":"sr-RS","@id":"https:\/\/purplessence.net\/?product=arome-za-saune#primaryimage","url":"https:\/\/purplessence.net\/wp-content\/uploads\/2025\/11\/miris-za-saunu-kedar.jpg","contentUrl":"https:\/\/purplessence.net\/wp-content\/uploads\/2025\/11\/miris-za-saunu-kedar.jpg","width":1920,"height":2560,"caption":"Drvenasta aroma kedra za saune"},{"@type":"BreadcrumbList","@id":"https:\/\/purplessence.net\/?product=arome-za-saune#breadcrumb","itemListElement":[{"@type":"ListItem","position":1,"name":"Home","item":"https:\/\/purplessence.net\/"},{"@type":"ListItem","position":2,"name":"Shop","item":"https:\/\/purplessence.net\/?page_id=396"},{"@type":"ListItem","position":3,"name":"Miris za saunu Kedar 1l"}]},{"@type":"WebSite","@id":"https:\/\/purplessence.net\/#website","url":"https:\/\/purplessence.net\/","name":"Purplessence.net","description":"Natural Lavender Products - Essence of Nature","publisher":{"@id":"https:\/\/purplessence.net\/#organization"},"alternateName":"Natural Lavender Products - Essence of Nature","potentialAction":[{"@type":"SearchAction","target":{"@type":"EntryPoint","urlTemplate":"https:\/\/purplessence.net\/?s={search_term_string}"},"query-input":{"@type":"PropertyValueSpecification","valueRequired":true,"valueName":"search_term_string"}}],"inLanguage":"sr-RS"},{"@type":"Organization","@id":"https:\/\/purplessence.net\/#organization","name":"PurplEssence Zrenjanin","alternateName":"Essence of Nature","url":"https:\/\/purplessence.net\/","logo":{"@type":"ImageObject","inLanguage":"sr-RS","@id":"https:\/\/purplessence.net\/#\/schema\/logo\/image\/","url":"https:\/\/purplessence.net\/wp-content\/uploads\/2025\/01\/cropped-cropped-logo-purplessence_lavanda.png","contentUrl":"https:\/\/purplessence.net\/wp-content\/uploads\/2025\/01\/cropped-cropped-logo-purplessence_lavanda.png","width":512,"height":512,"caption":"PurplEssence Zrenjanin"},"image":{"@id":"https:\/\/purplessence.net\/#\/schema\/logo\/image\/"},"sameAs":["https:\/\/www.facebook.com\/p\/Rasadnik-Lavande-Janoev-100085606671590\/"]}]}},"jetpack_sharing_enabled":true,"_links":{"self":[{"href":"https:\/\/purplessence.net\/index.php?rest_route=\/wp\/v2\/product\/1501","targetHints":{"allow":["GET"]}}],"collection":[{"href":"https:\/\/purplessence.net\/index.php?rest_route=\/wp\/v2\/product"}],"about":[{"href":"https:\/\/purplessence.net\/index.php?rest_route=\/wp\/v2\/types\/product"}],"replies":[{"embeddable":true,"href":"https:\/\/purplessence.net\/index.php?rest_route=%2Fwp%2Fv2%2Fcomments&post=1501"}],"wp:featuredmedia":[{"embeddable":true,"href":"https:\/\/purplessence.net\/index.php?rest_route=\/wp\/v2\/media\/1502"}],"wp:attachment":[{"href":"https:\/\/purplessence.net\/index.php?rest_route=%2Fwp%2Fv2%2Fmedia&parent=1501"}],"wp:term":[{"taxonomy":"product_brand","embeddable":true,"href":"https:\/\/purplessence.net\/index.php?rest_route=%2Fwp%2Fv2%2Fproduct_brand&post=1501"},{"taxonomy":"product_cat","embeddable":true,"href":"https:\/\/purplessence.net\/index.php?rest_route=%2Fwp%2Fv2%2Fproduct_cat&post=1501"},{"taxonomy":"product_tag","embeddable":true,"href":"https:\/\/purplessence.net\/index.php?rest_route=%2Fwp%2Fv2%2Fproduct_tag&post=1501"}],"curies":[{"name":"wp","href":"https:\/\/api.w.org\/{rel}","templated":true}]}}