{"id":1505,"date":"2025-11-25T20:29:12","date_gmt":"2025-11-25T19:29:12","guid":{"rendered":"https:\/\/purplessence.net\/?post_type=product&#038;p=1505"},"modified":"2026-01-08T15:16:21","modified_gmt":"2026-01-08T14:16:21","slug":"body-butter-za-telo-i-lice-winter-magic-100ml","status":"publish","type":"product","link":"https:\/\/purplessence.net\/?product=body-butter-za-telo-i-lice-winter-magic-100ml","title":{"rendered":"Puter za telo i lice &#8211; Winter Magic 100ml"},"content":{"rendered":"<p>Uronite u prazni\u010dnu toplinu sa <strong>Winter Magic<\/strong> puterom za telo i lice \u2013 limitiranom zimskom kolekcijom stvorenom da neguje ko\u017eu i probudi sva \u010dula. Ovaj ultra-bogati puter kombinuje <strong>karamelu, jabuku, cimet i vanilu<\/strong><strong>,<\/strong> stvaraju\u0107i neodoljiv miris koji podse\u0107a na prazni\u010dne poslastice i mirne ve\u010deri uz toplu svetlost.<\/p>\n<p>Formulisan je od 100% prirodnih maslaca i ulja \u2013 <strong>shea puter, kakao puter, kokosovo ulje i bademovo ulje<\/strong>, uz dodatak <strong>p\u010delinjeg voska<\/strong> za za\u0161titu ko\u017ee, kao i \u010diste <strong>lavande, cimeta i vanile<\/strong> za dodatnu aromati\u010dnu harmoniju.<\/p>\n<p>Ko\u017ea postaje:<br \/>\n\u2714 dubinski nahranjena<br \/>\n\u2714 mekana i elasti\u010dna<br \/>\n\u2714 za\u0161ti\u0107ena od hladno\u0107e i isu\u0161ivanja<br \/>\n\u2714 ne\u017eno mirisna satima<\/p>\n<p>Winter Magic puter za telo i lice je savr\u0161en izbor za sve koji vole slatke, za\u010dinske i cozy zimske mirise.<\/p>\n<p>Sastojci INCI: Butyrospermum Parkii Butter, Theobroma Cacao Seed Butter, Cocos Nifera Oil, Cera Alba, Prunus Amygdalus Dulcis Oil, Lavandula Angustifolia Oil, Tocopherol, Vanilla Planifolia Oil, Theobroma Cacao Extract, Pyrus Malus (Apple) Seed Oil, Cinnamomum Zeylanicum Bark Oil.<\/p>\n<p>Pogledajte iz na\u0161e ponude i <a href=\"https:\/\/purplessence.net\/?product_cat=prirodne-marmelade-za-brzo-tamnjenje\">marmelade za bronzan ten.<\/a><\/p>\n<p>Saznajte sve o upotrebi putera za telo i njegovim benefitima:\u00a0<a href=\"https:\/\/littlerituals.in\/blogs\/news\/what-is-body-butter?srsltid=AfmBOooibjW_Obci2TSPPAFqkJMYSaMFGqNMLjd-0yIpT3yUvwcr1j2b\"><strong>What is Body Butter? Benefits, How to Use It ?<\/strong><\/a><\/p>\n","protected":false},"excerpt":{"rendered":"<p>Winter Magic je rasko\u0161an, bogat puter za telo sa toplim zimskim notama karamele, jabuke, cimeta i vanile. Intenzivno hrani, \u0161titi i omek\u0161ava ko\u017eu, ostavljaju\u0107i je svilenom i mirisnom satima. Idealno za hladne dane i prazni\u010dnu atmosferu.<\/p>\n","protected":false},"featured_media":1507,"comment_status":"open","ping_status":"closed","template":"","meta":[],"product_brand":[],"product_cat":[121],"product_tag":[],"class_list":{"0":"post-1505","1":"product","2":"type-product","3":"status-publish","4":"has-post-thumbnail","6":"product_cat-puteri-za-lice-i-telo","8":"first","9":"instock","10":"purchasable","11":"product-type-simple"},"yoast_head":"<!-- This site is optimized with the Yoast SEO plugin v27.4 - https:\/\/yoast.com\/product\/yoast-seo-wordpress\/ -->\n<title>Puter za telo i lice - Winter Magic 100ml - Purplessence - Essence of Nature<\/title>\n<meta name=\"description\" content=\"Uronite u prazni\u010dnu toplinu sa Winter Magic puterom za telo i lice \u2013 limitiranom zimskom kolekcijom stvorenom da neguje ko\u017eu i probudi sva \u010dula\" \/>\n<meta name=\"robots\" content=\"index, follow, max-snippet:-1, max-image-preview:large, max-video-preview:-1\" \/>\n<link rel=\"canonical\" href=\"https:\/\/purplessence.net\/?product=body-butter-za-telo-i-lice-winter-magic-100ml\" \/>\n<meta property=\"og:locale\" content=\"sr_RS\" \/>\n<meta property=\"og:type\" content=\"article\" \/>\n<meta property=\"og:title\" content=\"Puter za telo i lice - Winter Magic 100ml - Purplessence - Essence of Nature\" \/>\n<meta property=\"og:description\" content=\"Uronite u prazni\u010dnu toplinu sa Winter Magic puterom za telo i lice \u2013 limitiranom zimskom kolekcijom stvorenom da neguje ko\u017eu i probudi sva \u010dula\" \/>\n<meta property=\"og:url\" content=\"https:\/\/purplessence.net\/?product=body-butter-za-telo-i-lice-winter-magic-100ml\" \/>\n<meta property=\"og:site_name\" content=\"Purplessence - Essence of Nature\" \/>\n<meta property=\"article:publisher\" content=\"https:\/\/www.facebook.com\/p\/Rasadnik-Lavande-Janoev-100085606671590\/\" \/>\n<meta property=\"article:modified_time\" content=\"2026-01-08T14:16:21+00:00\" \/>\n<meta property=\"og:image\" content=\"https:\/\/purplessence.net\/wp-content\/uploads\/2025\/11\/buter-za-telo-purplessence.jpg\" \/>\n\t<meta property=\"og:image:width\" content=\"1920\" \/>\n\t<meta property=\"og:image:height\" content=\"2560\" \/>\n\t<meta property=\"og:image:type\" content=\"image\/jpeg\" \/>\n<meta name=\"twitter:card\" content=\"summary_large_image\" \/>\n<meta name=\"twitter:label1\" content=\"\u041f\u0440\u043e\u0446\u0435\u045a\u0435\u043d\u043e \u0432\u0440\u0435\u043c\u0435 \u0447\u0438\u0442\u0430\u045a\u0430\" \/>\n\t<meta name=\"twitter:data1\" content=\"2 \u043c\u0438\u043d\u0443\u0442\u0430\" \/>\n<script type=\"application\/ld+json\" class=\"yoast-schema-graph\">{\"@context\":\"https:\\\/\\\/schema.org\",\"@graph\":[{\"@type\":\"WebPage\",\"@id\":\"https:\\\/\\\/purplessence.net\\\/?product=body-butter-za-telo-i-lice-winter-magic-100ml\",\"url\":\"https:\\\/\\\/purplessence.net\\\/?product=body-butter-za-telo-i-lice-winter-magic-100ml\",\"name\":\"Puter za telo i lice - Winter Magic 100ml - Purplessence - Essence of Nature\",\"isPartOf\":{\"@id\":\"https:\\\/\\\/purplessence.net\\\/#website\"},\"primaryImageOfPage\":{\"@id\":\"https:\\\/\\\/purplessence.net\\\/?product=body-butter-za-telo-i-lice-winter-magic-100ml#primaryimage\"},\"image\":{\"@id\":\"https:\\\/\\\/purplessence.net\\\/?product=body-butter-za-telo-i-lice-winter-magic-100ml#primaryimage\"},\"thumbnailUrl\":\"https:\\\/\\\/purplessence.net\\\/wp-content\\\/uploads\\\/2025\\\/11\\\/buter-za-telo-purplessence.jpg\",\"datePublished\":\"2025-11-25T19:29:12+00:00\",\"dateModified\":\"2026-01-08T14:16:21+00:00\",\"description\":\"Uronite u prazni\u010dnu toplinu sa Winter Magic puterom za telo i lice \u2013 limitiranom zimskom kolekcijom stvorenom da neguje ko\u017eu i probudi sva \u010dula\",\"breadcrumb\":{\"@id\":\"https:\\\/\\\/purplessence.net\\\/?product=body-butter-za-telo-i-lice-winter-magic-100ml#breadcrumb\"},\"inLanguage\":\"sr-RS\",\"potentialAction\":[{\"@type\":\"ReadAction\",\"target\":[\"https:\\\/\\\/purplessence.net\\\/?product=body-butter-za-telo-i-lice-winter-magic-100ml\"]}]},{\"@type\":\"ImageObject\",\"inLanguage\":\"sr-RS\",\"@id\":\"https:\\\/\\\/purplessence.net\\\/?product=body-butter-za-telo-i-lice-winter-magic-100ml#primaryimage\",\"url\":\"https:\\\/\\\/purplessence.net\\\/wp-content\\\/uploads\\\/2025\\\/11\\\/buter-za-telo-purplessence.jpg\",\"contentUrl\":\"https:\\\/\\\/purplessence.net\\\/wp-content\\\/uploads\\\/2025\\\/11\\\/buter-za-telo-purplessence.jpg\",\"width\":1920,\"height\":2560,\"caption\":\"Winter Magic body puterom\"},{\"@type\":\"BreadcrumbList\",\"@id\":\"https:\\\/\\\/purplessence.net\\\/?product=body-butter-za-telo-i-lice-winter-magic-100ml#breadcrumb\",\"itemListElement\":[{\"@type\":\"ListItem\",\"position\":1,\"name\":\"Home\",\"item\":\"https:\\\/\\\/purplessence.net\\\/\"},{\"@type\":\"ListItem\",\"position\":2,\"name\":\"Shop\",\"item\":\"https:\\\/\\\/purplessence.net\\\/?page_id=396\"},{\"@type\":\"ListItem\",\"position\":3,\"name\":\"Puter za telo i lice &#8211; Winter Magic 100ml\"}]},{\"@type\":\"WebSite\",\"@id\":\"https:\\\/\\\/purplessence.net\\\/#website\",\"url\":\"https:\\\/\\\/purplessence.net\\\/\",\"name\":\"Purplessence.net\",\"description\":\"Natural Lavender Products - Essence of Nature\",\"publisher\":{\"@id\":\"https:\\\/\\\/purplessence.net\\\/#organization\"},\"alternateName\":\"Natural Lavender Products - Essence of Nature\",\"potentialAction\":[{\"@type\":\"SearchAction\",\"target\":{\"@type\":\"EntryPoint\",\"urlTemplate\":\"https:\\\/\\\/purplessence.net\\\/?s={search_term_string}\"},\"query-input\":{\"@type\":\"PropertyValueSpecification\",\"valueRequired\":true,\"valueName\":\"search_term_string\"}}],\"inLanguage\":\"sr-RS\"},{\"@type\":\"Organization\",\"@id\":\"https:\\\/\\\/purplessence.net\\\/#organization\",\"name\":\"PurplEssence Zrenjanin\",\"alternateName\":\"Essence of Nature\",\"url\":\"https:\\\/\\\/purplessence.net\\\/\",\"logo\":{\"@type\":\"ImageObject\",\"inLanguage\":\"sr-RS\",\"@id\":\"https:\\\/\\\/purplessence.net\\\/#\\\/schema\\\/logo\\\/image\\\/\",\"url\":\"https:\\\/\\\/purplessence.net\\\/wp-content\\\/uploads\\\/2025\\\/01\\\/cropped-cropped-logo-purplessence_lavanda.png\",\"contentUrl\":\"https:\\\/\\\/purplessence.net\\\/wp-content\\\/uploads\\\/2025\\\/01\\\/cropped-cropped-logo-purplessence_lavanda.png\",\"width\":512,\"height\":512,\"caption\":\"PurplEssence Zrenjanin\"},\"image\":{\"@id\":\"https:\\\/\\\/purplessence.net\\\/#\\\/schema\\\/logo\\\/image\\\/\"},\"sameAs\":[\"https:\\\/\\\/www.facebook.com\\\/p\\\/Rasadnik-Lavande-Janoev-100085606671590\\\/\"]}]}<\/script>\n<!-- \/ Yoast SEO plugin. -->","yoast_head_json":{"title":"Puter za telo i lice - Winter Magic 100ml - Purplessence - Essence of Nature","description":"Uronite u prazni\u010dnu toplinu sa Winter Magic puterom za telo i lice \u2013 limitiranom zimskom kolekcijom stvorenom da neguje ko\u017eu i probudi sva \u010dula","robots":{"index":"index","follow":"follow","max-snippet":"max-snippet:-1","max-image-preview":"max-image-preview:large","max-video-preview":"max-video-preview:-1"},"canonical":"https:\/\/purplessence.net\/?product=body-butter-za-telo-i-lice-winter-magic-100ml","og_locale":"sr_RS","og_type":"article","og_title":"Puter za telo i lice - Winter Magic 100ml - Purplessence - Essence of Nature","og_description":"Uronite u prazni\u010dnu toplinu sa Winter Magic puterom za telo i lice \u2013 limitiranom zimskom kolekcijom stvorenom da neguje ko\u017eu i probudi sva \u010dula","og_url":"https:\/\/purplessence.net\/?product=body-butter-za-telo-i-lice-winter-magic-100ml","og_site_name":"Purplessence - Essence of Nature","article_publisher":"https:\/\/www.facebook.com\/p\/Rasadnik-Lavande-Janoev-100085606671590\/","article_modified_time":"2026-01-08T14:16:21+00:00","og_image":[{"width":1920,"height":2560,"url":"https:\/\/purplessence.net\/wp-content\/uploads\/2025\/11\/buter-za-telo-purplessence.jpg","type":"image\/jpeg"}],"twitter_card":"summary_large_image","twitter_misc":{"\u041f\u0440\u043e\u0446\u0435\u045a\u0435\u043d\u043e \u0432\u0440\u0435\u043c\u0435 \u0447\u0438\u0442\u0430\u045a\u0430":"2 \u043c\u0438\u043d\u0443\u0442\u0430"},"schema":{"@context":"https:\/\/schema.org","@graph":[{"@type":"WebPage","@id":"https:\/\/purplessence.net\/?product=body-butter-za-telo-i-lice-winter-magic-100ml","url":"https:\/\/purplessence.net\/?product=body-butter-za-telo-i-lice-winter-magic-100ml","name":"Puter za telo i lice - Winter Magic 100ml - Purplessence - Essence of Nature","isPartOf":{"@id":"https:\/\/purplessence.net\/#website"},"primaryImageOfPage":{"@id":"https:\/\/purplessence.net\/?product=body-butter-za-telo-i-lice-winter-magic-100ml#primaryimage"},"image":{"@id":"https:\/\/purplessence.net\/?product=body-butter-za-telo-i-lice-winter-magic-100ml#primaryimage"},"thumbnailUrl":"https:\/\/purplessence.net\/wp-content\/uploads\/2025\/11\/buter-za-telo-purplessence.jpg","datePublished":"2025-11-25T19:29:12+00:00","dateModified":"2026-01-08T14:16:21+00:00","description":"Uronite u prazni\u010dnu toplinu sa Winter Magic puterom za telo i lice \u2013 limitiranom zimskom kolekcijom stvorenom da neguje ko\u017eu i probudi sva \u010dula","breadcrumb":{"@id":"https:\/\/purplessence.net\/?product=body-butter-za-telo-i-lice-winter-magic-100ml#breadcrumb"},"inLanguage":"sr-RS","potentialAction":[{"@type":"ReadAction","target":["https:\/\/purplessence.net\/?product=body-butter-za-telo-i-lice-winter-magic-100ml"]}]},{"@type":"ImageObject","inLanguage":"sr-RS","@id":"https:\/\/purplessence.net\/?product=body-butter-za-telo-i-lice-winter-magic-100ml#primaryimage","url":"https:\/\/purplessence.net\/wp-content\/uploads\/2025\/11\/buter-za-telo-purplessence.jpg","contentUrl":"https:\/\/purplessence.net\/wp-content\/uploads\/2025\/11\/buter-za-telo-purplessence.jpg","width":1920,"height":2560,"caption":"Winter Magic body puterom"},{"@type":"BreadcrumbList","@id":"https:\/\/purplessence.net\/?product=body-butter-za-telo-i-lice-winter-magic-100ml#breadcrumb","itemListElement":[{"@type":"ListItem","position":1,"name":"Home","item":"https:\/\/purplessence.net\/"},{"@type":"ListItem","position":2,"name":"Shop","item":"https:\/\/purplessence.net\/?page_id=396"},{"@type":"ListItem","position":3,"name":"Puter za telo i lice &#8211; Winter Magic 100ml"}]},{"@type":"WebSite","@id":"https:\/\/purplessence.net\/#website","url":"https:\/\/purplessence.net\/","name":"Purplessence.net","description":"Natural Lavender Products - Essence of Nature","publisher":{"@id":"https:\/\/purplessence.net\/#organization"},"alternateName":"Natural Lavender Products - Essence of Nature","potentialAction":[{"@type":"SearchAction","target":{"@type":"EntryPoint","urlTemplate":"https:\/\/purplessence.net\/?s={search_term_string}"},"query-input":{"@type":"PropertyValueSpecification","valueRequired":true,"valueName":"search_term_string"}}],"inLanguage":"sr-RS"},{"@type":"Organization","@id":"https:\/\/purplessence.net\/#organization","name":"PurplEssence Zrenjanin","alternateName":"Essence of Nature","url":"https:\/\/purplessence.net\/","logo":{"@type":"ImageObject","inLanguage":"sr-RS","@id":"https:\/\/purplessence.net\/#\/schema\/logo\/image\/","url":"https:\/\/purplessence.net\/wp-content\/uploads\/2025\/01\/cropped-cropped-logo-purplessence_lavanda.png","contentUrl":"https:\/\/purplessence.net\/wp-content\/uploads\/2025\/01\/cropped-cropped-logo-purplessence_lavanda.png","width":512,"height":512,"caption":"PurplEssence Zrenjanin"},"image":{"@id":"https:\/\/purplessence.net\/#\/schema\/logo\/image\/"},"sameAs":["https:\/\/www.facebook.com\/p\/Rasadnik-Lavande-Janoev-100085606671590\/"]}]}},"jetpack_sharing_enabled":true,"_links":{"self":[{"href":"https:\/\/purplessence.net\/index.php?rest_route=\/wp\/v2\/product\/1505","targetHints":{"allow":["GET"]}}],"collection":[{"href":"https:\/\/purplessence.net\/index.php?rest_route=\/wp\/v2\/product"}],"about":[{"href":"https:\/\/purplessence.net\/index.php?rest_route=\/wp\/v2\/types\/product"}],"replies":[{"embeddable":true,"href":"https:\/\/purplessence.net\/index.php?rest_route=%2Fwp%2Fv2%2Fcomments&post=1505"}],"wp:featuredmedia":[{"embeddable":true,"href":"https:\/\/purplessence.net\/index.php?rest_route=\/wp\/v2\/media\/1507"}],"wp:attachment":[{"href":"https:\/\/purplessence.net\/index.php?rest_route=%2Fwp%2Fv2%2Fmedia&parent=1505"}],"wp:term":[{"taxonomy":"product_brand","embeddable":true,"href":"https:\/\/purplessence.net\/index.php?rest_route=%2Fwp%2Fv2%2Fproduct_brand&post=1505"},{"taxonomy":"product_cat","embeddable":true,"href":"https:\/\/purplessence.net\/index.php?rest_route=%2Fwp%2Fv2%2Fproduct_cat&post=1505"},{"taxonomy":"product_tag","embeddable":true,"href":"https:\/\/purplessence.net\/index.php?rest_route=%2Fwp%2Fv2%2Fproduct_tag&post=1505"}],"curies":[{"name":"wp","href":"https:\/\/api.w.org\/{rel}","templated":true}]}}